{"id":1258,"date":"2024-01-15T18:29:27","date_gmt":"2024-01-15T18:29:27","guid":{"rendered":"https:\/\/ogidpedidos.com.br\/?post_type=product&#038;p=1258"},"modified":"2025-12-31T14:34:11","modified_gmt":"2025-12-31T14:34:11","slug":"revista-escola-biblica-n-79","status":"publish","type":"product","link":"https:\/\/ogidpedidos.com.br\/index.php\/produto\/revista-escola-biblica-n-79\/","title":{"rendered":"Revista Escola B\u00edblica N\u00b0 79"},"content":{"rendered":"<p class=\"cvGsUA direction-ltr align-justify para-style-body\"><span class=\"OYPEnA text-decoration-none text-strikethrough-none\">Paz seja convosco. <\/span><span class=\"OYPEnA text-decoration-none text-strikethrough-none\">Com bastante alegria conclu\u00edmos mais uma edi\u00e7\u00e3o da revista de escola b\u00edblica. Esta edi\u00e7\u00e3o visa o aperfei\u00e7oamento dos santos, fazendo-os lembrarem dos ensinos dos ap\u00f3stolos e profetas, bem como disse o nosso irm\u00e3o Pedro: <\/span><span class=\"OYPEnA text-decoration-none text-strikethrough-none\">\u201cPara que vos lembreis das palavras que primeiramente foram ditas pelos santos profetas, e do nosso mandamento, como ap\u00f3stolos do Senhor e Salvador.\u201d (2Pe 3:2). <\/span><span class=\"OYPEnA text-decoration-none text-strikethrough-none\">Ele refor\u00e7a o \u00e2nimo da Igreja de Deus no momento da carta, mas, esta palavra tamb\u00e9m serve para os nossos dias. Estamos aguardando a vinda de Jesus, e vemos o cumprimento dos detalhes sobre os fins dos tempos. Relembrando o ensino dos nossos irm\u00e3os, vamos alimentar a nossa esperan\u00e7a, renovando as nossas for\u00e7as, bem como aprendendo e sendo corrigidos pela palavra de Deus. Assim, esperamos que por meio dessa revista os irm\u00e3os possam crescer na gra\u00e7a e conhecimento! <\/span><span class=\"OYPEnA text-decoration-none text-strikethrough-none\">Por Cooperador Gilliard Sab\u00f3ia.<\/span><\/p>\n","protected":false},"excerpt":{"rendered":"<p>Paz seja convosco. Com bastante alegria conclu\u00edmos mais uma edi\u00e7\u00e3o da revista de escola b\u00edblica. Esta edi\u00e7\u00e3o visa o aperfei\u00e7oamento dos santos, fazendo-os lembrarem dos ensinos dos ap\u00f3stolos e profetas, bem como disse o nosso irm\u00e3o Pedro: \u201cPara que vos lembreis das palavras que primeiramente foram ditas pelos santos profetas, e do nosso mandamento, como &hellip;<\/p>\n<p class=\"read-more\"> <a class=\"\" href=\"https:\/\/ogidpedidos.com.br\/index.php\/produto\/revista-escola-biblica-n-79\/\"> <span class=\"screen-reader-text\">Revista Escola B\u00edblica N\u00b0 79<\/span> Leia mais &raquo;<\/a><\/p>\n","protected":false},"featured_media":1259,"template":"","meta":{"_uag_custom_page_level_css":"","site-sidebar-layout":"default","site-content-layout":"default","ast-global-header-display":"","ast-main-header-display":"","ast-hfb-above-header-display":"","ast-hfb-below-header-display":"","ast-hfb-mobile-header-display":"","site-post-title":"","ast-breadcrumbs-content":"","ast-featured-img":"","footer-sml-layout":"","theme-transparent-header-meta":"default","adv-header-id-meta":"","stick-header-meta":"","header-above-stick-meta":"","header-main-stick-meta":"","header-below-stick-meta":""},"product_cat":[15],"product_tag":[],"uagb_featured_image_src":{"full":["https:\/\/ogidpedidos.com.br\/wp-content\/uploads\/2024\/01\/Frente-Capa-Revista-Escola-Biblica-2024.1.png",1409,2000,false],"thumbnail":["https:\/\/ogidpedidos.com.br\/wp-content\/uploads\/2024\/01\/Frente-Capa-Revista-Escola-Biblica-2024.1-150x150.png",150,150,true],"medium":["https:\/\/ogidpedidos.com.br\/wp-content\/uploads\/2024\/01\/Frente-Capa-Revista-Escola-Biblica-2024.1-211x300.png",211,300,true],"medium_large":["https:\/\/ogidpedidos.com.br\/wp-content\/uploads\/2024\/01\/Frente-Capa-Revista-Escola-Biblica-2024.1-768x1090.png",768,1090,true],"large":["https:\/\/ogidpedidos.com.br\/wp-content\/uploads\/2024\/01\/Frente-Capa-Revista-Escola-Biblica-2024.1-721x1024.png",721,1024,true],"1536x1536":["https:\/\/ogidpedidos.com.br\/wp-content\/uploads\/2024\/01\/Frente-Capa-Revista-Escola-Biblica-2024.1-1082x1536.png",1082,1536,true],"2048x2048":["https:\/\/ogidpedidos.com.br\/wp-content\/uploads\/2024\/01\/Frente-Capa-Revista-Escola-Biblica-2024.1.png",1409,2000,false],"woocommerce_thumbnail":["https:\/\/ogidpedidos.com.br\/wp-content\/uploads\/2024\/01\/Frente-Capa-Revista-Escola-Biblica-2024.1-300x300.png",300,300,true],"woocommerce_single":["https:\/\/ogidpedidos.com.br\/wp-content\/uploads\/2024\/01\/Frente-Capa-Revista-Escola-Biblica-2024.1-600x852.png",600,852,true],"woocommerce_gallery_thumbnail":["https:\/\/ogidpedidos.com.br\/wp-content\/uploads\/2024\/01\/Frente-Capa-Revista-Escola-Biblica-2024.1-100x100.png",100,100,true]},"uagb_author_info":{"display_name":"secretariaogid","author_link":"https:\/\/ogidpedidos.com.br\/index.php\/author\/"},"uagb_comment_info":0,"uagb_excerpt":"Paz seja convosco. Com bastante alegria conclu\u00edmos mais uma edi\u00e7\u00e3o da revista de escola b\u00edblica. Esta edi\u00e7\u00e3o visa o aperfei\u00e7oamento dos santos, fazendo-os lembrarem dos ensinos dos ap\u00f3stolos e profetas, bem como disse o nosso irm\u00e3o Pedro: \u201cPara que vos lembreis das palavras que primeiramente foram ditas pelos santos profetas, e do nosso mandamento, como&hellip;","_links":{"self":[{"href":"https:\/\/ogidpedidos.com.br\/index.php\/wp-json\/wp\/v2\/product\/1258"}],"collection":[{"href":"https:\/\/ogidpedidos.com.br\/index.php\/wp-json\/wp\/v2\/product"}],"about":[{"href":"https:\/\/ogidpedidos.com.br\/index.php\/wp-json\/wp\/v2\/types\/product"}],"wp:featuredmedia":[{"embeddable":true,"href":"https:\/\/ogidpedidos.com.br\/index.php\/wp-json\/wp\/v2\/media\/1259"}],"wp:attachment":[{"href":"https:\/\/ogidpedidos.com.br\/index.php\/wp-json\/wp\/v2\/media?parent=1258"}],"wp:term":[{"taxonomy":"product_cat","embeddable":true,"href":"https:\/\/ogidpedidos.com.br\/index.php\/wp-json\/wp\/v2\/product_cat?post=1258"},{"taxonomy":"product_tag","embeddable":true,"href":"https:\/\/ogidpedidos.com.br\/index.php\/wp-json\/wp\/v2\/product_tag?post=1258"}],"curies":[{"name":"wp","href":"https:\/\/api.w.org\/{rel}","templated":true}]}}

Revista Escola Bíblica N° 79

<p class="cvGsUA direction-ltr align-justify para-style-body"><span class="OYPEnA text-decoration-none text-strikethrough-none">Paz seja convosco. </span><span class="OYPEnA text-decoration-none text-strikethrough-none">Com bastante alegria concluímos mais uma edição da revista de escola bíblica. Esta edição visa o aperfeiçoamento dos santos, fazendo-os lembrarem dos ensinos dos apóstolos e profetas, bem como disse o nosso irmão Pedro: </span><span class="OYPEnA text-decoration-none text-strikethrough-none">“Para que vos lembreis das palavras que primeiramente foram ditas pelos santos profetas, e do nosso mandamento, como apóstolos do Senhor e Salvador.” (2Pe 3:2). </span><span class="OYPEnA text-decoration-none text-strikethrough-none">Ele reforça o ânimo da Igreja de Deus no momento da carta, mas, esta palavra também serve para os nossos dias. Estamos aguardando a vinda de Jesus, e vemos o cumprimento dos detalhes sobre os fins dos tempos. Relembrando o ensino dos nossos irmãos, vamos alimentar a nossa esperança, renovando as nossas forças, bem como aprendendo e sendo corrigidos pela palavra de Deus. Assim, esperamos que por meio dessa revista os irmãos possam crescer na graça e conhecimento! </span><span class="OYPEnA text-decoration-none text-strikethrough-none">Por Cooperador Gilliard Sabóia.</span></p>

<p>Paz seja convosco. Com bastante alegria concluímos mais uma edição da revista de escola bíblica. Esta edição visa o aperfeiçoamento dos santos, fazendo-os lembrarem dos ensinos dos apóstolos e profetas, bem como disse o nosso irmão Pedro: “Para que vos lembreis das palavras que primeiramente foram ditas pelos santos profetas, e do nosso mandamento, como &hellip;</p>
<p class="read-more"> <a class="" href="https://ogidpedidos.com.br/index.php/produto/revista-escola-biblica-n-79/"> <span class="screen-reader-text">Revista Escola Bíblica N° 79</span> Leia mais &raquo;</a></p>

Paz seja convosco. Com bastante alegria concluímos mais uma edição da revista de escola bíblica. Esta edição visa o aperfeiçoamento dos santos, fazendo-os lembrarem dos ensinos dos apóstolos e profetas, bem como disse o nosso irmão Pedro: “Para que vos lembreis das palavras que primeiramente foram ditas pelos santos profetas, e do nosso mandamento, como&hellip;
